{"id":4899,"date":"2016-06-24T08:46:48","date_gmt":"2016-06-24T08:46:48","guid":{"rendered":"http:\/\/capethemes.com\/demo\/cityofwp\/?page_id=4899"},"modified":"2025-03-25T14:35:03","modified_gmt":"2025-03-25T14:35:03","slug":"residents","status":"publish","type":"page","link":"https:\/\/seminariospc.edu.co\/?page_id=4899","title":{"rendered":"Institucional"},"content":{"rendered":"\n<figure class=\"wp-block-image size-full is-resized\"><img loading=\"lazy\" decoding=\"async\" width=\"949\" height=\"600\" src=\"https:\/\/seminariospc.edu.co\/wp-content\/uploads\/2025\/03\/1000015396.jpg\" alt=\"\" class=\"wp-image-6299\" style=\"width:838px;height:628px\" srcset=\"https:\/\/seminariospc.edu.co\/wp-content\/uploads\/2025\/03\/1000015396.jpg 949w, https:\/\/seminariospc.edu.co\/wp-content\/uploads\/2025\/03\/1000015396-300x190.jpg 300w, https:\/\/seminariospc.edu.co\/wp-content\/uploads\/2025\/03\/1000015396-768x486.jpg 768w\" sizes=\"auto, (max-width: 949px) 100vw, 949px\" \/><\/figure>\n\n\n<h3><img loading=\"lazy\" decoding=\"async\" class=\"alignnone  wp-image-5339\" src=\"http:\/\/www.seminariospc.edu.co\/wp-content\/uploads\/2021\/03\/images.jpg\" alt=\"\" width=\"21\" height=\"21\" srcset=\"https:\/\/seminariospc.edu.co\/wp-content\/uploads\/2021\/03\/images.jpg 200w, https:\/\/seminariospc.edu.co\/wp-content\/uploads\/2021\/03\/images-150x150.jpg 150w, https:\/\/seminariospc.edu.co\/wp-content\/uploads\/2021\/03\/images-60x60.jpg 60w\" sizes=\"auto, (max-width: 21px) 100vw, 21px\" \/> MISI\u00d3N<\/h3>\n<p>El Seminario San Pedro Claver brinda una formaci\u00f3n integral a los ni\u00f1os y j\u00f3venes estudiantes, inspiradas en los lineamientos de la Escuela Cat\u00f3lica y la educaci\u00f3n inclusiva que busca transformar la persona y la sociedad, apoy\u00e1ndose en los principios y valores institucionales.<\/p>\n<h3><img loading=\"lazy\" decoding=\"async\" class=\"alignnone  wp-image-5339\" src=\"http:\/\/www.seminariospc.edu.co\/wp-content\/uploads\/2021\/03\/images.jpg\" alt=\"\" width=\"21\" height=\"21\" srcset=\"https:\/\/seminariospc.edu.co\/wp-content\/uploads\/2021\/03\/images.jpg 200w, https:\/\/seminariospc.edu.co\/wp-content\/uploads\/2021\/03\/images-150x150.jpg 150w, https:\/\/seminariospc.edu.co\/wp-content\/uploads\/2021\/03\/images-60x60.jpg 60w\" sizes=\"auto, (max-width: 21px) 100vw, 21px\" \/> VISI\u00d3N<\/h3>\n<p>En el 2040 el Seminario San Pedro Claver ser\u00e1 l\u00edder en formaci\u00f3n cristiana cat\u00f3lica y educaci\u00f3n inclusiva, con altos \u00edndices de calidad humana e intelectual, comprometida con la construcci\u00f3n de una sociedad humana y humanizante.<\/p>\n<h3><img loading=\"lazy\" decoding=\"async\" class=\"alignnone  wp-image-5339\" src=\"http:\/\/www.seminariospc.edu.co\/wp-content\/uploads\/2021\/03\/images.jpg\" alt=\"\" width=\"21\" height=\"21\" srcset=\"https:\/\/seminariospc.edu.co\/wp-content\/uploads\/2021\/03\/images.jpg 200w, https:\/\/seminariospc.edu.co\/wp-content\/uploads\/2021\/03\/images-150x150.jpg 150w, https:\/\/seminariospc.edu.co\/wp-content\/uploads\/2021\/03\/images-60x60.jpg 60w\" sizes=\"auto, (max-width: 21px) 100vw, 21px\" \/> PRINCIPIOS Y VALORES DE LA COMUNIDAD EDUCATIVA<\/h3>\n<p>Es filosof\u00eda de la instituci\u00f3n Evangelizar Educando. El modelo pedag\u00f3gico permite a los estudiantes afianzar y fortalecer el proceso cognitivo a la par que los motiva a comprometerse en su proyecto de vida y de esa manera aportar en la construcci\u00f3n de una nueva sociedad.<\/p>\n\n\n<h3 class=\"wp-block-heading\"><img loading=\"lazy\" decoding=\"async\" width=\"21\" height=\"21\" src=\"http:\/\/www.seminariospc.edu.co\/wp-content\/uploads\/2021\/03\/images.jpg\" alt=\"\"> PRINCIPIOS INSTITUCIONALES:<\/h3>\n\n\n\n<p>+ <strong>FE CRISTIANA CAT\u00d3LICA:<\/strong> Cristo como fundamento de la fe, la Iglesia como continuadora de la obra de Jes\u00fas, inspiran el quehacer educativo del SEMINARIO SAN PEDRO CLAVER, quien contribuye en el proceso de evangelizaci\u00f3n desde la educaci\u00f3n.<\/p>\n\n\n\n<p>+ <strong>DIGNIDAD HUMANA<\/strong>: Fundamento de la vocaci\u00f3n del hombre, soporte del valor llamado a la comuni\u00f3n con Dios de la persona humana. El hombre es imagen de DIOS. (Gn. 1, 27). Este principio lleva a cada integrante de la instituci\u00f3n educativa a reconocer y a valorar al otro, directivo, maestro, estudiante, padre de familia y\/o acudiente, personal administrativo y de servicio o cualquier otra persona que como un igual merece nuestra consideraci\u00f3n.<\/p>\n\n\n\n<p>+ <strong>LA CARIDAD<\/strong>: Experiencia del amor de Dios que se expresa as\u00ed: amar\u00e1s al se\u00f1or tu dios, con todo tu coraz\u00f3n, expresi\u00f3n del AMOR A DIOS, que se concreta en los seres humanos con toda tu alma, con toda tu mente y con todas tus fuerzas y a tu pr\u00f3jimo como a ti mismo (Mc. 12, 29- 59). Este principio compromete a todos y a cada miembro de la comunidad educativa a hacer el bien.<\/p>\n","protected":false},"excerpt":{"rendered":"<p>MISI\u00d3N El Seminario San Pedro Claver brinda una formaci\u00f3n integral a los ni\u00f1os y j\u00f3venes estudiantes, inspiradas en los lineamientos de la Escuela Cat\u00f3lica y la educaci\u00f3n inclusiva que busca transformar la persona y la sociedad, apoy\u00e1ndose en los principios y valores institucionales. VISI\u00d3N En el 2040 el Seminario San Pedro Claver ser\u00e1 l\u00edder en &hellip;<\/p>\n","protected":false},"author":1,"featured_media":5592,"parent":0,"menu_order":0,"comment_status":"closed","ping_status":"closed","template":"","meta":{"footnotes":""},"class_list":["post-4899","page","type-page","status-publish","has-post-thumbnail","hentry"],"_links":{"self":[{"href":"https:\/\/seminariospc.edu.co\/index.php?rest_route=\/wp\/v2\/pages\/4899","targetHints":{"allow":["GET"]}}],"collection":[{"href":"https:\/\/seminariospc.edu.co\/index.php?rest_route=\/wp\/v2\/pages"}],"about":[{"href":"https:\/\/seminariospc.edu.co\/index.php?rest_route=\/wp\/v2\/types\/page"}],"author":[{"embeddable":true,"href":"https:\/\/seminariospc.edu.co\/index.php?rest_route=\/wp\/v2\/users\/1"}],"replies":[{"embeddable":true,"href":"https:\/\/seminariospc.edu.co\/index.php?rest_route=%2Fwp%2Fv2%2Fcomments&post=4899"}],"version-history":[{"count":8,"href":"https:\/\/seminariospc.edu.co\/index.php?rest_route=\/wp\/v2\/pages\/4899\/revisions"}],"predecessor-version":[{"id":6300,"href":"https:\/\/seminariospc.edu.co\/index.php?rest_route=\/wp\/v2\/pages\/4899\/revisions\/6300"}],"wp:featuredmedia":[{"embeddable":true,"href":"https:\/\/seminariospc.edu.co\/index.php?rest_route=\/wp\/v2\/media\/5592"}],"wp:attachment":[{"href":"https:\/\/seminariospc.edu.co\/index.php?rest_route=%2Fwp%2Fv2%2Fmedia&parent=4899"}],"curies":[{"name":"wp","href":"https:\/\/api.w.org\/{rel}","templated":true}]}}

<figure class="wp-block-image size-full is-resized"><img loading="lazy" decoding="async" width="949" height="600" src="https://seminariospc.edu.co/wp-content/uploads/2025/03/1000015396.jpg" alt="" class="wp-image-6299" style="width:838px;height:628px" srcset="https://seminariospc.edu.co/wp-content/uploads/2025/03/1000015396.jpg 949w, https://seminariospc.edu.co/wp-content/uploads/2025/03/1000015396-300x190.jpg 300w, https://seminariospc.edu.co/wp-content/uploads/2025/03/1000015396-768x486.jpg 768w" sizes="auto, (max-width: 949px) 100vw, 949px" /></figure>


<h3><img loading="lazy" decoding="async" class="alignnone  wp-image-5339" src="http://www.seminariospc.edu.co/wp-content/uploads/2021/03/images.jpg" alt="" width="21" height="21" srcset="https://seminariospc.edu.co/wp-content/uploads/2021/03/images.jpg 200w, https://seminariospc.edu.co/wp-content/uploads/2021/03/images-150x150.jpg 150w, https://seminariospc.edu.co/wp-content/uploads/2021/03/images-60x60.jpg 60w" sizes="auto, (max-width: 21px) 100vw, 21px" /> MISIÓN</h3>
<p>El Seminario San Pedro Claver brinda una formación integral a los niños y jóvenes estudiantes, inspiradas en los lineamientos de la Escuela Católica y la educación inclusiva que busca transformar la persona y la sociedad, apoyándose en los principios y valores institucionales.</p>
<h3><img loading="lazy" decoding="async" class="alignnone  wp-image-5339" src="http://www.seminariospc.edu.co/wp-content/uploads/2021/03/images.jpg" alt="" width="21" height="21" srcset="https://seminariospc.edu.co/wp-content/uploads/2021/03/images.jpg 200w, https://seminariospc.edu.co/wp-content/uploads/2021/03/images-150x150.jpg 150w, https://seminariospc.edu.co/wp-content/uploads/2021/03/images-60x60.jpg 60w" sizes="auto, (max-width: 21px) 100vw, 21px" /> VISIÓN</h3>
<p>En el 2040 el Seminario San Pedro Claver será líder en formación cristiana católica y educación inclusiva, con altos índices de calidad humana e intelectual, comprometida con la construcción de una sociedad humana y humanizante.</p>
<h3><img loading="lazy" decoding="async" class="alignnone  wp-image-5339" src="http://www.seminariospc.edu.co/wp-content/uploads/2021/03/images.jpg" alt="" width="21" height="21" srcset="https://seminariospc.edu.co/wp-content/uploads/2021/03/images.jpg 200w, https://seminariospc.edu.co/wp-content/uploads/2021/03/images-150x150.jpg 150w, https://seminariospc.edu.co/wp-content/uploads/2021/03/images-60x60.jpg 60w" sizes="auto, (max-width: 21px) 100vw, 21px" /> PRINCIPIOS Y VALORES DE LA COMUNIDAD EDUCATIVA</h3>
<p>Es filosofía de la institución Evangelizar Educando. El modelo pedagógico permite a los estudiantes afianzar y fortalecer el proceso cognitivo a la par que los motiva a comprometerse en su proyecto de vida y de esa manera aportar en la construcción de una nueva sociedad.</p>


<h3 class="wp-block-heading"><img loading="lazy" decoding="async" width="21" height="21" src="http://www.seminariospc.edu.co/wp-content/uploads/2021/03/images.jpg" alt=""> PRINCIPIOS INSTITUCIONALES:</h3>



<p>+ <strong>FE CRISTIANA CATÓLICA:</strong> Cristo como fundamento de la fe, la Iglesia como continuadora de la obra de Jesús, inspiran el quehacer educativo del SEMINARIO SAN PEDRO CLAVER, quien contribuye en el proceso de evangelización desde la educación.</p>



<p>+ <strong>DIGNIDAD HUMANA</strong>: Fundamento de la vocación del hombre, soporte del valor llamado a la comunión con Dios de la persona humana. El hombre es imagen de DIOS. (Gn. 1, 27). Este principio lleva a cada integrante de la institución educativa a reconocer y a valorar al otro, directivo, maestro, estudiante, padre de familia y/o acudiente, personal administrativo y de servicio o cualquier otra persona que como un igual merece nuestra consideración.</p>



<p>+ <strong>LA CARIDAD</strong>: Experiencia del amor de Dios que se expresa así: amarás al señor tu dios, con todo tu corazón, expresión del AMOR A DIOS, que se concreta en los seres humanos con toda tu alma, con toda tu mente y con todas tus fuerzas y a tu prójimo como a ti mismo (Mc. 12, 29- 59). Este principio compromete a todos y a cada miembro de la comunidad educativa a hacer el bien.</p>

<p>MISIÓN El Seminario San Pedro Claver brinda una formación integral a los niños y jóvenes estudiantes, inspiradas en los lineamientos de la Escuela Católica y la educación inclusiva que busca transformar la persona y la sociedad, apoyándose en los principios y valores institucionales. VISIÓN En el 2040 el Seminario San Pedro Claver será líder en &hellip;</p>
