{"id":5239,"date":"2021-03-07T15:20:07","date_gmt":"2021-03-07T15:20:07","guid":{"rendered":"https:\/\/www.seminariospc.edu.co\/?page_id=5239"},"modified":"2025-03-20T16:15:21","modified_gmt":"2025-03-20T16:15:21","slug":"personero-estudiantil","status":"publish","type":"page","link":"https:\/\/seminariospc.edu.co\/?page_id=5239","title":{"rendered":"PERSONERO ESTUDIANTIL"},"content":{"rendered":"\t\t<div data-elementor-type=\"wp-page\" data-elementor-id=\"5239\" class=\"elementor elementor-5239\" data-elementor-settings=\"[]\">\n\t\t\t\t\t\t\t<div class=\"elementor-section-wrap\">\n\t\t\t\t\t\t\t<section class=\"elementor-section elementor-top-section elementor-element elementor-element-7ee6af9 elementor-section-boxed elementor-section-height-default elementor-section-height-default\" data-id=\"7ee6af9\" data-element_type=\"section\">\n\t\t\t\t\t\t<div class=\"elementor-container elementor-column-gap-default\">\n\t\t\t\t\t<div class=\"elementor-column elementor-col-100 elementor-top-column elementor-element elementor-element-377736e\" data-id=\"377736e\" data-element_type=\"column\">\n\t\t\t<div class=\"elementor-widget-wrap elementor-element-populated\">\n\t\t\t\t\t\t\t\t<div class=\"elementor-element elementor-element-61e8205 elementor-widget elementor-widget-image\" data-id=\"61e8205\" data-element_type=\"widget\" data-widget_type=\"image.default\">\n\t\t\t\t<div class=\"elementor-widget-container\">\n\t\t\t\t\t\t\t\t\t\t\t\t\t\t\t<img loading=\"lazy\" decoding=\"async\" width=\"576\" height=\"1024\" src=\"https:\/\/seminariospc.edu.co\/wp-content\/uploads\/2025\/03\/Diseno-sin-titulo_20250320_094719_0000-576x1024.png\" class=\"attachment-large size-large\" alt=\"\" srcset=\"https:\/\/seminariospc.edu.co\/wp-content\/uploads\/2025\/03\/Diseno-sin-titulo_20250320_094719_0000-576x1024.png 576w, https:\/\/seminariospc.edu.co\/wp-content\/uploads\/2025\/03\/Diseno-sin-titulo_20250320_094719_0000-169x300.png 169w, https:\/\/seminariospc.edu.co\/wp-content\/uploads\/2025\/03\/Diseno-sin-titulo_20250320_094719_0000-768x1365.png 768w, https:\/\/seminariospc.edu.co\/wp-content\/uploads\/2025\/03\/Diseno-sin-titulo_20250320_094719_0000-864x1536.png 864w, https:\/\/seminariospc.edu.co\/wp-content\/uploads\/2025\/03\/Diseno-sin-titulo_20250320_094719_0000.png 1080w\" sizes=\"auto, (max-width: 576px) 100vw, 576px\" \/>\t\t\t\t\t\t\t\t\t\t\t\t\t\t\t<\/div>\n\t\t\t\t<\/div>\n\t\t\t\t\t<\/div>\n\t\t<\/div>\n\t\t\t\t\t\t\t<\/div>\n\t\t<\/section>\n\t\t\t\t<section class=\"elementor-section elementor-top-section elementor-element elementor-element-95e468c elementor-section-boxed elementor-section-height-default elementor-section-height-default\" data-id=\"95e468c\" data-element_type=\"section\">\n\t\t\t\t\t\t<div class=\"elementor-container elementor-column-gap-default\">\n\t\t\t\t\t<div class=\"elementor-column elementor-col-100 elementor-top-column elementor-element elementor-element-3a9b2ea\" data-id=\"3a9b2ea\" data-element_type=\"column\">\n\t\t\t<div class=\"elementor-widget-wrap elementor-element-populated\">\n\t\t\t\t\t\t\t\t<div class=\"elementor-element elementor-element-5e8a55e elementor-widget elementor-widget-text-editor\" data-id=\"5e8a55e\" data-element_type=\"widget\" data-widget_type=\"text-editor.default\">\n\t\t\t\t<div class=\"elementor-widget-container\">\n\t\t\t\t\t\t\t<p>Personero Escolar &#8211; <b>SAMANTHA VALENTINA GRISALES CA\u00d1AS<\/b><\/p><p>Ser\u00e1 un estudiante de grado once (11), encargado de promover el ejercicio de los deberes y derechos de los estudiantes consagrados en la Constituci\u00f3n Pol\u00edtica, las leyes, los reglamentos y el Manual de Convivencia.<\/p><p><b><strong>\u00a0Perfil del Personero Estudiantil<\/strong><\/b><\/p><ol><li>Ser seminarista desde grado primero o desde el grado sexto, sin repitencia o al menos estar vinculado a la instituci\u00f3n durante los \u00faltimos tres (3) a\u00f1os.<\/li><li>Haber pertenecido a alg\u00fan comit\u00e9, club u organizaci\u00f3n escolar de las establecidas en el Seminario.<\/li><li>Trayectoria acad\u00e9mica y de comportamiento con buenos antecedentes.<\/li><li>Que su aspiraci\u00f3n sea por iniciativa personal.<\/li><li>Presentar un proyecto o plan de trabajo al Director General y al Rector como inscripci\u00f3n de su candidatura y socializarlo.<\/li><li>Gozar de la aceptaci\u00f3n de sus compa\u00f1eros de curso y en general de la comunidad estudiantil.<\/li><\/ol><p><strong>Funciones del Personero Estudiantil:<\/strong><\/p><ol><li>Promover el cumplimiento de los derechos y los deberes de los estudiantes, para los cuales podr\u00e1 utilizar los medios de comunicaci\u00f3n interna del establecimiento, pedir la colaboraci\u00f3n del Consejo de Estudiantes, organizar foros u otras formas de deliberaci\u00f3n.<\/li><li>Recibir y evaluar las quejas y reclamos que presenten los educandos sobre lesiones a sus derechos y las que formule cualquier persona de la comunidad sobre el incumplimiento de las obligaciones de los alumnos.<\/li><li>Presentar ante el Director General o Rector, seg\u00fan sus competencias, las solicitudes de oficio o o peticiones de<br \/>parte que considere necesarias para proteger los derechos de los estudiantes y facilitar el cumplimiento de sus deberes.<\/li><li>Conocer y vivenciar la filosof\u00eda Institucional, convirti\u00e9ndose en agente de cambio.<\/li><li>Conocer, vivenciar e impulsar el acatamiento al Manual de Convivencia.<\/li><li>Ser vocero de las inquietudes, sugerencias, necesidades que presenten los estudiantes en el proceso de formaci\u00f3n integral.<\/li><li>Motivar a los estudiantes por el cumplimiento de sus deberes y derechos, utilizando el conducto regular con el apoyo del Consejo de Estudiantes.<\/li><li>Presentar a los directivos de la Instituci\u00f3n Educativa: Direcci\u00f3n general, Rector\u00eda, Coordinaci\u00f3n Acad\u00e9mica, Coordinaci\u00f3n de Convivencia, las dificultades y alternativas de soluci\u00f3n frente al rendimiento acad\u00e9mico, comportamental y disciplinario de los Seminaristas Claverianos.<\/li><li>Estimular la vivencia de los principios y los valores institucionales<\/li><li>Representar a la Instituci\u00f3n Educativa cuando sea invitado a foros, charlas, encuentros referentes a su rol.<\/li><li>Cumplir con las dem\u00e1s funciones que le sean asignadas de acuerdo con la naturaleza de su cargo.<\/li><\/ol>\t\t\t\t\t\t<\/div>\n\t\t\t\t<\/div>\n\t\t\t\t\t<\/div>\n\t\t<\/div>\n\t\t\t\t\t\t\t<\/div>\n\t\t<\/section>\n\t\t\t\t\t\t<\/div>\n\t\t\t\t\t<\/div>\n\t\t","protected":false},"excerpt":{"rendered":"<p>Personero Escolar &#8211; SAMANTHA VALENTINA GRISALES CA\u00d1AS Ser\u00e1 un estudiante de grado once (11), encargado de promover el ejercicio de los deberes y derechos de los estudiantes consagrados en la Constituci\u00f3n Pol\u00edtica, las leyes, los reglamentos y el Manual de Convivencia. \u00a0Perfil del Personero Estudiantil Ser seminarista desde grado primero o desde el grado sexto, &hellip;<\/p>\n","protected":false},"author":1,"featured_media":6285,"parent":0,"menu_order":0,"comment_status":"closed","ping_status":"closed","template":"","meta":{"footnotes":""},"class_list":["post-5239","page","type-page","status-publish","has-post-thumbnail","hentry"],"_links":{"self":[{"href":"https:\/\/seminariospc.edu.co\/index.php?rest_route=\/wp\/v2\/pages\/5239","targetHints":{"allow":["GET"]}}],"collection":[{"href":"https:\/\/seminariospc.edu.co\/index.php?rest_route=\/wp\/v2\/pages"}],"about":[{"href":"https:\/\/seminariospc.edu.co\/index.php?rest_route=\/wp\/v2\/types\/page"}],"author":[{"embeddable":true,"href":"https:\/\/seminariospc.edu.co\/index.php?rest_route=\/wp\/v2\/users\/1"}],"replies":[{"embeddable":true,"href":"https:\/\/seminariospc.edu.co\/index.php?rest_route=%2Fwp%2Fv2%2Fcomments&post=5239"}],"version-history":[{"count":20,"href":"https:\/\/seminariospc.edu.co\/index.php?rest_route=\/wp\/v2\/pages\/5239\/revisions"}],"predecessor-version":[{"id":6290,"href":"https:\/\/seminariospc.edu.co\/index.php?rest_route=\/wp\/v2\/pages\/5239\/revisions\/6290"}],"wp:featuredmedia":[{"embeddable":true,"href":"https:\/\/seminariospc.edu.co\/index.php?rest_route=\/wp\/v2\/media\/6285"}],"wp:attachment":[{"href":"https:\/\/seminariospc.edu.co\/index.php?rest_route=%2Fwp%2Fv2%2Fmedia&parent=5239"}],"curies":[{"name":"wp","href":"https:\/\/api.w.org\/{rel}","templated":true}]}}

<div data-elementor-type="wp-page" data-elementor-id="5239" class="elementor elementor-5239" data-elementor-settings="[]">
							<div class="elementor-section-wrap">
							<section class="elementor-section elementor-top-section elementor-element elementor-element-7ee6af9 elementor-section-boxed elementor-section-height-default elementor-section-height-default" data-id="7ee6af9" data-element_type="section">
						<div class="elementor-container elementor-column-gap-default">
					<div class="elementor-column elementor-col-100 elementor-top-column elementor-element elementor-element-377736e" data-id="377736e" data-element_type="column">
			<div class="elementor-widget-wrap elementor-element-populated">
								<div class="elementor-element elementor-element-61e8205 elementor-widget elementor-widget-image" data-id="61e8205" data-element_type="widget" data-widget_type="image.default">
				<div class="elementor-widget-container">
															<img loading="lazy" decoding="async" width="576" height="1024" src="https://seminariospc.edu.co/wp-content/uploads/2025/03/Diseno-sin-titulo_20250320_094719_0000-576x1024.png" class="attachment-large size-large" alt="" srcset="https://seminariospc.edu.co/wp-content/uploads/2025/03/Diseno-sin-titulo_20250320_094719_0000-576x1024.png 576w, https://seminariospc.edu.co/wp-content/uploads/2025/03/Diseno-sin-titulo_20250320_094719_0000-169x300.png 169w, https://seminariospc.edu.co/wp-content/uploads/2025/03/Diseno-sin-titulo_20250320_094719_0000-768x1365.png 768w, https://seminariospc.edu.co/wp-content/uploads/2025/03/Diseno-sin-titulo_20250320_094719_0000-864x1536.png 864w, https://seminariospc.edu.co/wp-content/uploads/2025/03/Diseno-sin-titulo_20250320_094719_0000.png 1080w" sizes="auto, (max-width: 576px) 100vw, 576px" />															</div>
				</div>
					</div>
		</div>
							</div>
		</section>
				<section class="elementor-section elementor-top-section elementor-element elementor-element-95e468c elementor-section-boxed elementor-section-height-default elementor-section-height-default" data-id="95e468c" data-element_type="section">
						<div class="elementor-container elementor-column-gap-default">
					<div class="elementor-column elementor-col-100 elementor-top-column elementor-element elementor-element-3a9b2ea" data-id="3a9b2ea" data-element_type="column">
			<div class="elementor-widget-wrap elementor-element-populated">
								<div class="elementor-element elementor-element-5e8a55e elementor-widget elementor-widget-text-editor" data-id="5e8a55e" data-element_type="widget" data-widget_type="text-editor.default">
				<div class="elementor-widget-container">
							<p>Personero Escolar &#8211; <b>SAMANTHA VALENTINA GRISALES CAÑAS</b></p><p>Será un estudiante de grado once (11), encargado de promover el ejercicio de los deberes y derechos de los estudiantes consagrados en la Constitución Política, las leyes, los reglamentos y el Manual de Convivencia.</p><p><b><strong> Perfil del Personero Estudiantil</strong></b></p><ol><li>Ser seminarista desde grado primero o desde el grado sexto, sin repitencia o al menos estar vinculado a la institución durante los últimos tres (3) años.</li><li>Haber pertenecido a algún comité, club u organización escolar de las establecidas en el Seminario.</li><li>Trayectoria académica y de comportamiento con buenos antecedentes.</li><li>Que su aspiración sea por iniciativa personal.</li><li>Presentar un proyecto o plan de trabajo al Director General y al Rector como inscripción de su candidatura y socializarlo.</li><li>Gozar de la aceptación de sus compañeros de curso y en general de la comunidad estudiantil.</li></ol><p><strong>Funciones del Personero Estudiantil:</strong></p><ol><li>Promover el cumplimiento de los derechos y los deberes de los estudiantes, para los cuales podrá utilizar los medios de comunicación interna del establecimiento, pedir la colaboración del Consejo de Estudiantes, organizar foros u otras formas de deliberación.</li><li>Recibir y evaluar las quejas y reclamos que presenten los educandos sobre lesiones a sus derechos y las que formule cualquier persona de la comunidad sobre el incumplimiento de las obligaciones de los alumnos.</li><li>Presentar ante el Director General o Rector, según sus competencias, las solicitudes de oficio o o peticiones de<br />parte que considere necesarias para proteger los derechos de los estudiantes y facilitar el cumplimiento de sus deberes.</li><li>Conocer y vivenciar la filosofía Institucional, convirtiéndose en agente de cambio.</li><li>Conocer, vivenciar e impulsar el acatamiento al Manual de Convivencia.</li><li>Ser vocero de las inquietudes, sugerencias, necesidades que presenten los estudiantes en el proceso de formación integral.</li><li>Motivar a los estudiantes por el cumplimiento de sus deberes y derechos, utilizando el conducto regular con el apoyo del Consejo de Estudiantes.</li><li>Presentar a los directivos de la Institución Educativa: Dirección general, Rectoría, Coordinación Académica, Coordinación de Convivencia, las dificultades y alternativas de solución frente al rendimiento académico, comportamental y disciplinario de los Seminaristas Claverianos.</li><li>Estimular la vivencia de los principios y los valores institucionales</li><li>Representar a la Institución Educativa cuando sea invitado a foros, charlas, encuentros referentes a su rol.</li><li>Cumplir con las demás funciones que le sean asignadas de acuerdo con la naturaleza de su cargo.</li></ol>						</div>
				</div>
					</div>
		</div>
							</div>
		</section>
						</div>
					</div>

<p>Personero Escolar &#8211; SAMANTHA VALENTINA GRISALES CAÑAS Será un estudiante de grado once (11), encargado de promover el ejercicio de los deberes y derechos de los estudiantes consagrados en la Constitución Política, las leyes, los reglamentos y el Manual de Convivencia.  Perfil del Personero Estudiantil Ser seminarista desde grado primero o desde el grado sexto, &hellip;</p>
