{"id":5258,"date":"2021-03-07T15:55:24","date_gmt":"2021-03-07T15:55:24","guid":{"rendered":"https:\/\/www.seminariospc.edu.co\/?page_id=5258"},"modified":"2026-07-21T00:40:16","modified_gmt":"2026-07-21T00:40:16","slug":"consejo-de-estudiantes","status":"publish","type":"page","link":"https:\/\/seminariospc.edu.co\/?page_id=5258","title":{"rendered":"CONSEJO DE ESTUDIANTES"},"content":{"rendered":"\t\t<div data-elementor-type=\"wp-page\" data-elementor-id=\"5258\" class=\"elementor elementor-5258\" data-elementor-settings=\"[]\">\n\t\t\t\t\t\t\t<div class=\"elementor-section-wrap\">\n\t\t\t\t\t\t\t<section class=\"elementor-section elementor-top-section elementor-element elementor-element-4ca5c81 elementor-section-boxed elementor-section-height-default elementor-section-height-default\" data-id=\"4ca5c81\" data-element_type=\"section\">\n\t\t\t\t\t\t<div class=\"elementor-container elementor-column-gap-default\">\n\t\t\t\t\t<div class=\"elementor-column elementor-col-100 elementor-top-column elementor-element elementor-element-696770b\" data-id=\"696770b\" data-element_type=\"column\">\n\t\t\t<div class=\"elementor-widget-wrap elementor-element-populated\">\n\t\t\t\t\t\t\t\t<div class=\"elementor-element elementor-element-167fe26 elementor-tabs-view-horizontal elementor-widget elementor-widget-tabs\" data-id=\"167fe26\" data-element_type=\"widget\" data-widget_type=\"tabs.default\">\n\t\t\t\t<div class=\"elementor-widget-container\">\n\t\t\t\t\t<div class=\"elementor-tabs\">\n\t\t\t<div class=\"elementor-tabs-wrapper\" role=\"tablist\" >\n\t\t\t\t\t\t\t\t\t<div id=\"elementor-tab-title-2351\" class=\"elementor-tab-title elementor-tab-desktop-title\" aria-selected=\"true\" data-tab=\"1\" role=\"tab\" tabindex=\"0\" aria-controls=\"elementor-tab-content-2351\" aria-expanded=\"false\">CONSEJO<\/div>\n\t\t\t\t\t\t\t\t\t<div id=\"elementor-tab-title-2352\" class=\"elementor-tab-title elementor-tab-desktop-title\" aria-selected=\"false\" data-tab=\"2\" role=\"tab\" tabindex=\"-1\" aria-controls=\"elementor-tab-content-2352\" aria-expanded=\"false\">INTEGRANTES<\/div>\n\t\t\t\t\t\t\t\t\t<div id=\"elementor-tab-title-2353\" class=\"elementor-tab-title elementor-tab-desktop-title\" aria-selected=\"false\" data-tab=\"3\" role=\"tab\" tabindex=\"-1\" aria-controls=\"elementor-tab-content-2353\" aria-expanded=\"false\">REQUISITOS<\/div>\n\t\t\t\t\t\t\t\t\t<div id=\"elementor-tab-title-2354\" class=\"elementor-tab-title elementor-tab-desktop-title\" aria-selected=\"false\" data-tab=\"4\" role=\"tab\" tabindex=\"-1\" aria-controls=\"elementor-tab-content-2354\" aria-expanded=\"false\">PROCESO DE ELECCI\u00d3N<\/div>\n\t\t\t\t\t\t\t\t\t<div id=\"elementor-tab-title-2355\" class=\"elementor-tab-title elementor-tab-desktop-title\" aria-selected=\"false\" data-tab=\"5\" role=\"tab\" tabindex=\"-1\" aria-controls=\"elementor-tab-content-2355\" aria-expanded=\"false\">FUNCIONES<\/div>\n\t\t\t\t\t\t\t<\/div>\n\t\t\t<div class=\"elementor-tabs-content-wrapper\" role=\"tablist\" aria-orientation=\"vertical\">\n\t\t\t\t\t\t\t\t\t<div class=\"elementor-tab-title elementor-tab-mobile-title\" aria-selected=\"true\" data-tab=\"1\" role=\"tab\" tabindex=\"0\" aria-controls=\"elementor-tab-content-2351\" aria-expanded=\"false\">CONSEJO<\/div>\n\t\t\t\t\t<div id=\"elementor-tab-content-2351\" class=\"elementor-tab-content elementor-clearfix\" data-tab=\"1\" role=\"tabpanel\" aria-labelledby=\"elementor-tab-title-2351\" tabindex=\"0\" hidden=\"false\"><p>Es el m\u00e1ximo \u00f3rgano colegiado que asegura y garantiza el continuo ejercicio de la participaci\u00f3n por parte de los educandos. Estar\u00e1 integrado por un vocero de cada uno de los grados ofrecidos por el establecimiento o establecimientos que comparten un mismo Consejo Directivo.<\/p><p>El consejo es el canal de comunicaci\u00f3n que existe entre los Seminaristas Claverianos y la administraci\u00f3n.<\/p><p>Esta organizaci\u00f3n tiene la obligaci\u00f3n de escuchar a los estudiantes y representarlos de una manera responsable ante las directivas.<\/p><\/div>\n\t\t\t\t\t\t\t\t\t<div class=\"elementor-tab-title elementor-tab-mobile-title\" aria-selected=\"false\" data-tab=\"2\" role=\"tab\" tabindex=\"-1\" aria-controls=\"elementor-tab-content-2352\" aria-expanded=\"false\">INTEGRANTES<\/div>\n\t\t\t\t\t<div id=\"elementor-tab-content-2352\" class=\"elementor-tab-content elementor-clearfix\" data-tab=\"2\" role=\"tabpanel\" aria-labelledby=\"elementor-tab-title-2352\" tabindex=\"0\" hidden=\"hidden\"><p><strong><u>REPRESENTANTES B\u00c1SICA PRIMARIA:<\/u><\/strong><\/p><ul><li><strong>Juli\u00e1n Felipe G\u00f3mez P\u00e9rez<\/strong>: vocero del grado Preescolar, Primero, Segundo y Tercero.<\/li><li><strong>Luis Felipe Rueda Salazar<\/strong><strong>:<\/strong> vocero del grado Cuarto.<\/li><li><strong>Emma Gabriela C\u00f3rdoba Bele\u00f1o<\/strong><strong>: <\/strong>vocero del grado Quinto.<\/li><li>\u00a0<\/li><\/ul><p><strong><u>REPRESENTANTES B\u00c1SICA SECUNDARIA Y MEDIA ACAD\u00c9MICA:<\/u><\/strong><\/p><ul><li><strong>Ian David Rinc\u00f3n Rojas<\/strong><strong>: <\/strong>vocero del grado Sexto.<\/li><li><strong>Sara Gabriela C\u00f3rdoba Bele\u00f1o<\/strong><strong>:\u00a0<\/strong>vocero del grado S\u00e9ptimo.<\/li><li><strong>Tomas David Fl\u00f3rez Serrano<\/strong><strong>:\u00a0<\/strong>vocero del grado Octavo.<\/li><li><strong>Camilo Andr\u00e9s Garza Berrio<\/strong>: vocero del grado Noveno.<\/li><li><strong>Juan Pablo Rodr\u00edguez Ortiz<\/strong><strong>:\u00a0<\/strong>vocero del grado D\u00e9cimo 1.<\/li><li><strong>Jer\u00f3nimo Pacheco Garc\u00eda<\/strong><strong>: <\/strong>vocero del grado D\u00e9cimo 2.<\/li><li><strong>Jeyner Steven Londo\u00f1o Guerrero<\/strong><strong>:<\/strong> vocero del grado Und\u00e9cimo.<\/li><\/ul><\/div>\n\t\t\t\t\t\t\t\t\t<div class=\"elementor-tab-title elementor-tab-mobile-title\" aria-selected=\"false\" data-tab=\"3\" role=\"tab\" tabindex=\"-1\" aria-controls=\"elementor-tab-content-2353\" aria-expanded=\"false\">REQUISITOS<\/div>\n\t\t\t\t\t<div id=\"elementor-tab-content-2353\" class=\"elementor-tab-content elementor-clearfix\" data-tab=\"3\" role=\"tabpanel\" aria-labelledby=\"elementor-tab-title-2353\" tabindex=\"0\" hidden=\"hidden\"><p>Son requisitos para ser candidato a pertenecer al Consejo de Estudiantes los siguientes:<\/p><ol><li>Ser estudiante matriculado<\/li><li>Tener capacidad de liderazgo<\/li><li>Tener vocaci\u00f3n de servicio<\/li><li>Tener buen rendimiento acad\u00e9mico<\/li><li>Ser ejemplo de disciplina y orden<\/li><li>Demostrar sentido de pertenencia con la instituci\u00f3n<\/li><\/ol><\/div>\n\t\t\t\t\t\t\t\t\t<div class=\"elementor-tab-title elementor-tab-mobile-title\" aria-selected=\"false\" data-tab=\"4\" role=\"tab\" tabindex=\"-1\" aria-controls=\"elementor-tab-content-2354\" aria-expanded=\"false\">PROCESO DE ELECCI\u00d3N<\/div>\n\t\t\t\t\t<div id=\"elementor-tab-content-2354\" class=\"elementor-tab-content elementor-clearfix\" data-tab=\"4\" role=\"tabpanel\" aria-labelledby=\"elementor-tab-title-2354\" tabindex=\"0\" hidden=\"hidden\"><p>El Consejo Directivo deber\u00e1 convocar en una fecha dentro de las cuatro (4) primeras semanas del calendario acad\u00e9mico, asambleas integradas por los estudiantes que cursen cada grado, con el fin de que elijan mediante votaci\u00f3n secreta, un vocero estudiantil para el a\u00f1o lectivo en curso.<\/p><p>Los estudiantes de los tres primeros grados de primaria, ser\u00e1n convocados a una asamblea conjunta para elegir un vocero \u00fanico entre los estudiantes que cursan el tercer grado.<\/p><\/div>\n\t\t\t\t\t\t\t\t\t<div class=\"elementor-tab-title elementor-tab-mobile-title\" aria-selected=\"false\" data-tab=\"5\" role=\"tab\" tabindex=\"-1\" aria-controls=\"elementor-tab-content-2355\" aria-expanded=\"false\">FUNCIONES<\/div>\n\t\t\t\t\t<div id=\"elementor-tab-content-2355\" class=\"elementor-tab-content elementor-clearfix\" data-tab=\"5\" role=\"tabpanel\" aria-labelledby=\"elementor-tab-title-2355\" tabindex=\"0\" hidden=\"hidden\"><h2>Son funciones del Consejo Estudiantil<\/h2><ol><li>Permanente defensa de los Derechos de los estudiantes.<\/li><li>Ser la voz de todos los estudiantes de la instituci\u00f3n.<\/li><li>Elegir el representante de los estudiantes ante el Consejo Directivo de la Instituci\u00f3n Educativa y asesorarlo permanentemente.<\/li><li>Representar de manera leal y responsable a todos los estudiantes ante las directivas del colegio.<\/li><li>Ser consciente de la realidad escolar. Que tenga la capacidad de recoger expectativas, necesidades y temas del grupo.<\/li><li>Invitar a los estudiantes que hayan presentado proyectos o iniciativas para que sean analizadas y discutidas.<\/li><li>Tener sentido pol\u00edtico para proponer ideas que verdaderamente contribuyan al bien com\u00fan y que sean metas objetivas y viables para la comunidad.<\/li><li>Organizar comisiones de trabajo.<\/li><li>Ser mediador ante alg\u00fan conflicto interno en el sal\u00f3n de clase, sea este de orden acad\u00e9mico, disciplinario o comportamental.<\/li><li>Darse su propio reglamento y cumplir con las funciones que le sean asignadas en la ley o en el Manual de Convivencia.<\/li><li>Otras que se desprendan de la ley o propias del oficio.<\/li><\/ol><\/div>\n\t\t\t\t\t\t\t<\/div>\n\t\t<\/div>\n\t\t\t\t<\/div>\n\t\t\t\t<\/div>\n\t\t\t\t\t<\/div>\n\t\t<\/div>\n\t\t\t\t\t\t\t<\/div>\n\t\t<\/section>\n\t\t\t\t\t\t<\/div>\n\t\t\t\t\t<\/div>\n\t\t","protected":false},"excerpt":{"rendered":"<p>CONSEJO INTEGRANTES REQUISITOS PROCESO DE ELECCI\u00d3N FUNCIONES CONSEJO Es el m\u00e1ximo \u00f3rgano colegiado que asegura y garantiza el continuo ejercicio de la participaci\u00f3n por parte de los educandos. Estar\u00e1 integrado por un vocero de cada uno de los grados ofrecidos por el establecimiento o establecimientos que comparten un mismo Consejo Directivo. El consejo es el &hellip;<\/p>\n","protected":false},"author":1,"featured_media":0,"parent":0,"menu_order":0,"comment_status":"closed","ping_status":"closed","template":"","meta":{"footnotes":""},"class_list":["post-5258","page","type-page","status-publish","hentry"],"_links":{"self":[{"href":"https:\/\/seminariospc.edu.co\/index.php?rest_route=\/wp\/v2\/pages\/5258","targetHints":{"allow":["GET"]}}],"collection":[{"href":"https:\/\/seminariospc.edu.co\/index.php?rest_route=\/wp\/v2\/pages"}],"about":[{"href":"https:\/\/seminariospc.edu.co\/index.php?rest_route=\/wp\/v2\/types\/page"}],"author":[{"embeddable":true,"href":"https:\/\/seminariospc.edu.co\/index.php?rest_route=\/wp\/v2\/users\/1"}],"replies":[{"embeddable":true,"href":"https:\/\/seminariospc.edu.co\/index.php?rest_route=%2Fwp%2Fv2%2Fcomments&post=5258"}],"version-history":[{"count":37,"href":"https:\/\/seminariospc.edu.co\/index.php?rest_route=\/wp\/v2\/pages\/5258\/revisions"}],"predecessor-version":[{"id":7090,"href":"https:\/\/seminariospc.edu.co\/index.php?rest_route=\/wp\/v2\/pages\/5258\/revisions\/7090"}],"wp:attachment":[{"href":"https:\/\/seminariospc.edu.co\/index.php?rest_route=%2Fwp%2Fv2%2Fmedia&parent=5258"}],"curies":[{"name":"wp","href":"https:\/\/api.w.org\/{rel}","templated":true}]}}

<div data-elementor-type="wp-page" data-elementor-id="5258" class="elementor elementor-5258" data-elementor-settings="[]">
							<div class="elementor-section-wrap">
							<section class="elementor-section elementor-top-section elementor-element elementor-element-4ca5c81 elementor-section-boxed elementor-section-height-default elementor-section-height-default" data-id="4ca5c81" data-element_type="section">
						<div class="elementor-container elementor-column-gap-default">
					<div class="elementor-column elementor-col-100 elementor-top-column elementor-element elementor-element-696770b" data-id="696770b" data-element_type="column">
			<div class="elementor-widget-wrap elementor-element-populated">
								<div class="elementor-element elementor-element-167fe26 elementor-tabs-view-horizontal elementor-widget elementor-widget-tabs" data-id="167fe26" data-element_type="widget" data-widget_type="tabs.default">
				<div class="elementor-widget-container">
					<div class="elementor-tabs">
			<div class="elementor-tabs-wrapper" role="tablist" >
									<div id="elementor-tab-title-2351" class="elementor-tab-title elementor-tab-desktop-title" aria-selected="true" data-tab="1" role="tab" tabindex="0" aria-controls="elementor-tab-content-2351" aria-expanded="false">CONSEJO</div>
									<div id="elementor-tab-title-2352" class="elementor-tab-title elementor-tab-desktop-title" aria-selected="false" data-tab="2" role="tab" tabindex="-1" aria-controls="elementor-tab-content-2352" aria-expanded="false">INTEGRANTES</div>
									<div id="elementor-tab-title-2353" class="elementor-tab-title elementor-tab-desktop-title" aria-selected="false" data-tab="3" role="tab" tabindex="-1" aria-controls="elementor-tab-content-2353" aria-expanded="false">REQUISITOS</div>
									<div id="elementor-tab-title-2354" class="elementor-tab-title elementor-tab-desktop-title" aria-selected="false" data-tab="4" role="tab" tabindex="-1" aria-controls="elementor-tab-content-2354" aria-expanded="false">PROCESO DE ELECCIÓN</div>
									<div id="elementor-tab-title-2355" class="elementor-tab-title elementor-tab-desktop-title" aria-selected="false" data-tab="5" role="tab" tabindex="-1" aria-controls="elementor-tab-content-2355" aria-expanded="false">FUNCIONES</div>
							</div>
			<div class="elementor-tabs-content-wrapper" role="tablist" aria-orientation="vertical">
									<div class="elementor-tab-title elementor-tab-mobile-title" aria-selected="true" data-tab="1" role="tab" tabindex="0" aria-controls="elementor-tab-content-2351" aria-expanded="false">CONSEJO</div>
					<div id="elementor-tab-content-2351" class="elementor-tab-content elementor-clearfix" data-tab="1" role="tabpanel" aria-labelledby="elementor-tab-title-2351" tabindex="0" hidden="false"><p>Es el máximo órgano colegiado que asegura y garantiza el continuo ejercicio de la participación por parte de los educandos. Estará integrado por un vocero de cada uno de los grados ofrecidos por el establecimiento o establecimientos que comparten un mismo Consejo Directivo.</p><p>El consejo es el canal de comunicación que existe entre los Seminaristas Claverianos y la administración.</p><p>Esta organización tiene la obligación de escuchar a los estudiantes y representarlos de una manera responsable ante las directivas.</p></div>
									<div class="elementor-tab-title elementor-tab-mobile-title" aria-selected="false" data-tab="2" role="tab" tabindex="-1" aria-controls="elementor-tab-content-2352" aria-expanded="false">INTEGRANTES</div>
					<div id="elementor-tab-content-2352" class="elementor-tab-content elementor-clearfix" data-tab="2" role="tabpanel" aria-labelledby="elementor-tab-title-2352" tabindex="0" hidden="hidden"><p><strong><u>REPRESENTANTES BÁSICA PRIMARIA:</u></strong></p><ul><li><strong>Julián Felipe Gómez Pérez</strong>: vocero del grado Preescolar, Primero, Segundo y Tercero.</li><li><strong>Luis Felipe Rueda Salazar</strong><strong>:</strong> vocero del grado Cuarto.</li><li><strong>Emma Gabriela Córdoba Beleño</strong><strong>: </strong>vocero del grado Quinto.</li><li> </li></ul><p><strong><u>REPRESENTANTES BÁSICA SECUNDARIA Y MEDIA ACADÉMICA:</u></strong></p><ul><li><strong>Ian David Rincón Rojas</strong><strong>: </strong>vocero del grado Sexto.</li><li><strong>Sara Gabriela Córdoba Beleño</strong><strong>: </strong>vocero del grado Séptimo.</li><li><strong>Tomas David Flórez Serrano</strong><strong>: </strong>vocero del grado Octavo.</li><li><strong>Camilo Andrés Garza Berrio</strong>: vocero del grado Noveno.</li><li><strong>Juan Pablo Rodríguez Ortiz</strong><strong>: </strong>vocero del grado Décimo 1.</li><li><strong>Jerónimo Pacheco García</strong><strong>: </strong>vocero del grado Décimo 2.</li><li><strong>Jeyner Steven Londoño Guerrero</strong><strong>:</strong> vocero del grado Undécimo.</li></ul></div>
									<div class="elementor-tab-title elementor-tab-mobile-title" aria-selected="false" data-tab="3" role="tab" tabindex="-1" aria-controls="elementor-tab-content-2353" aria-expanded="false">REQUISITOS</div>
					<div id="elementor-tab-content-2353" class="elementor-tab-content elementor-clearfix" data-tab="3" role="tabpanel" aria-labelledby="elementor-tab-title-2353" tabindex="0" hidden="hidden"><p>Son requisitos para ser candidato a pertenecer al Consejo de Estudiantes los siguientes:</p><ol><li>Ser estudiante matriculado</li><li>Tener capacidad de liderazgo</li><li>Tener vocación de servicio</li><li>Tener buen rendimiento académico</li><li>Ser ejemplo de disciplina y orden</li><li>Demostrar sentido de pertenencia con la institución</li></ol></div>
									<div class="elementor-tab-title elementor-tab-mobile-title" aria-selected="false" data-tab="4" role="tab" tabindex="-1" aria-controls="elementor-tab-content-2354" aria-expanded="false">PROCESO DE ELECCIÓN</div>
					<div id="elementor-tab-content-2354" class="elementor-tab-content elementor-clearfix" data-tab="4" role="tabpanel" aria-labelledby="elementor-tab-title-2354" tabindex="0" hidden="hidden"><p>El Consejo Directivo deberá convocar en una fecha dentro de las cuatro (4) primeras semanas del calendario académico, asambleas integradas por los estudiantes que cursen cada grado, con el fin de que elijan mediante votación secreta, un vocero estudiantil para el año lectivo en curso.</p><p>Los estudiantes de los tres primeros grados de primaria, serán convocados a una asamblea conjunta para elegir un vocero único entre los estudiantes que cursan el tercer grado.</p></div>
									<div class="elementor-tab-title elementor-tab-mobile-title" aria-selected="false" data-tab="5" role="tab" tabindex="-1" aria-controls="elementor-tab-content-2355" aria-expanded="false">FUNCIONES</div>
					<div id="elementor-tab-content-2355" class="elementor-tab-content elementor-clearfix" data-tab="5" role="tabpanel" aria-labelledby="elementor-tab-title-2355" tabindex="0" hidden="hidden"><h2>Son funciones del Consejo Estudiantil</h2><ol><li>Permanente defensa de los Derechos de los estudiantes.</li><li>Ser la voz de todos los estudiantes de la institución.</li><li>Elegir el representante de los estudiantes ante el Consejo Directivo de la Institución Educativa y asesorarlo permanentemente.</li><li>Representar de manera leal y responsable a todos los estudiantes ante las directivas del colegio.</li><li>Ser consciente de la realidad escolar. Que tenga la capacidad de recoger expectativas, necesidades y temas del grupo.</li><li>Invitar a los estudiantes que hayan presentado proyectos o iniciativas para que sean analizadas y discutidas.</li><li>Tener sentido político para proponer ideas que verdaderamente contribuyan al bien común y que sean metas objetivas y viables para la comunidad.</li><li>Organizar comisiones de trabajo.</li><li>Ser mediador ante algún conflicto interno en el salón de clase, sea este de orden académico, disciplinario o comportamental.</li><li>Darse su propio reglamento y cumplir con las funciones que le sean asignadas en la ley o en el Manual de Convivencia.</li><li>Otras que se desprendan de la ley o propias del oficio.</li></ol></div>
							</div>
		</div>
				</div>
				</div>
					</div>
		</div>
							</div>
		</section>
						</div>
					</div>

<p>CONSEJO INTEGRANTES REQUISITOS PROCESO DE ELECCIÓN FUNCIONES CONSEJO Es el máximo órgano colegiado que asegura y garantiza el continuo ejercicio de la participación por parte de los educandos. Estará integrado por un vocero de cada uno de los grados ofrecidos por el establecimiento o establecimientos que comparten un mismo Consejo Directivo. El consejo es el &hellip;</p>
