{"id":5279,"date":"2021-03-07T16:39:48","date_gmt":"2021-03-07T16:39:48","guid":{"rendered":"https:\/\/www.seminariospc.edu.co\/?page_id=5279"},"modified":"2023-03-24T16:46:57","modified_gmt":"2023-03-24T16:46:57","slug":"consejo-directivo","status":"publish","type":"page","link":"https:\/\/seminariospc.edu.co\/?page_id=5279","title":{"rendered":"CONSEJO DIRECTIVO"},"content":{"rendered":"\t\t<div data-elementor-type=\"wp-page\" data-elementor-id=\"5279\" class=\"elementor elementor-5279\" data-elementor-settings=\"[]\">\n\t\t\t\t\t\t\t<div class=\"elementor-section-wrap\">\n\t\t\t\t\t\t\t<section class=\"elementor-section elementor-top-section elementor-element elementor-element-b6d5495 elementor-section-boxed elementor-section-height-default elementor-section-height-default\" data-id=\"b6d5495\" data-element_type=\"section\">\n\t\t\t\t\t\t<div class=\"elementor-container elementor-column-gap-default\">\n\t\t\t\t\t<div class=\"elementor-column elementor-col-100 elementor-top-column elementor-element elementor-element-96a060e\" data-id=\"96a060e\" data-element_type=\"column\">\n\t\t\t<div class=\"elementor-widget-wrap elementor-element-populated\">\n\t\t\t\t\t\t\t\t<div class=\"elementor-element elementor-element-f51f17a elementor-widget elementor-widget-image\" data-id=\"f51f17a\" data-element_type=\"widget\" data-widget_type=\"image.default\">\n\t\t\t\t<div class=\"elementor-widget-container\">\n\t\t\t\t\t\t\t\t\t\t\t\t\t\t\t<img loading=\"lazy\" decoding=\"async\" width=\"1024\" height=\"768\" src=\"https:\/\/seminariospc.edu.co\/wp-content\/uploads\/2023\/03\/WhatsApp-Image-2023-03-23-at-9.31.19-AM-1024x768.jpeg\" class=\"attachment-large size-large\" alt=\"\" srcset=\"https:\/\/seminariospc.edu.co\/wp-content\/uploads\/2023\/03\/WhatsApp-Image-2023-03-23-at-9.31.19-AM-1024x768.jpeg 1024w, https:\/\/seminariospc.edu.co\/wp-content\/uploads\/2023\/03\/WhatsApp-Image-2023-03-23-at-9.31.19-AM-300x225.jpeg 300w, https:\/\/seminariospc.edu.co\/wp-content\/uploads\/2023\/03\/WhatsApp-Image-2023-03-23-at-9.31.19-AM-768x576.jpeg 768w, https:\/\/seminariospc.edu.co\/wp-content\/uploads\/2023\/03\/WhatsApp-Image-2023-03-23-at-9.31.19-AM-1536x1152.jpeg 1536w, https:\/\/seminariospc.edu.co\/wp-content\/uploads\/2023\/03\/WhatsApp-Image-2023-03-23-at-9.31.19-AM.jpeg 1600w\" sizes=\"auto, (max-width: 1024px) 100vw, 1024px\" \/>\t\t\t\t\t\t\t\t\t\t\t\t\t\t\t<\/div>\n\t\t\t\t<\/div>\n\t\t\t\t\t<\/div>\n\t\t<\/div>\n\t\t\t\t\t\t\t<\/div>\n\t\t<\/section>\n\t\t\t\t<section class=\"elementor-section elementor-top-section elementor-element elementor-element-2e562de elementor-section-boxed elementor-section-height-default elementor-section-height-default\" data-id=\"2e562de\" data-element_type=\"section\">\n\t\t\t\t\t\t<div class=\"elementor-container elementor-column-gap-default\">\n\t\t\t\t\t<div class=\"elementor-column elementor-col-100 elementor-top-column elementor-element elementor-element-4338958\" data-id=\"4338958\" data-element_type=\"column\">\n\t\t\t<div class=\"elementor-widget-wrap elementor-element-populated\">\n\t\t\t\t\t\t\t\t<div class=\"elementor-element elementor-element-d49a397 elementor-tabs-view-horizontal elementor-widget elementor-widget-tabs\" data-id=\"d49a397\" data-element_type=\"widget\" data-widget_type=\"tabs.default\">\n\t\t\t\t<div class=\"elementor-widget-container\">\n\t\t\t\t\t<div class=\"elementor-tabs\">\n\t\t\t<div class=\"elementor-tabs-wrapper\" role=\"tablist\" >\n\t\t\t\t\t\t\t\t\t<div id=\"elementor-tab-title-2221\" class=\"elementor-tab-title elementor-tab-desktop-title\" aria-selected=\"true\" data-tab=\"1\" role=\"tab\" tabindex=\"0\" aria-controls=\"elementor-tab-content-2221\" aria-expanded=\"false\">INTEGRANTES<\/div>\n\t\t\t\t\t\t\t\t\t<div id=\"elementor-tab-title-2222\" class=\"elementor-tab-title elementor-tab-desktop-title\" aria-selected=\"false\" data-tab=\"2\" role=\"tab\" tabindex=\"-1\" aria-controls=\"elementor-tab-content-2222\" aria-expanded=\"false\">FUNCIONES<\/div>\n\t\t\t\t\t\t\t<\/div>\n\t\t\t<div class=\"elementor-tabs-content-wrapper\" role=\"tablist\" aria-orientation=\"vertical\">\n\t\t\t\t\t\t\t\t\t<div class=\"elementor-tab-title elementor-tab-mobile-title\" aria-selected=\"true\" data-tab=\"1\" role=\"tab\" tabindex=\"0\" aria-controls=\"elementor-tab-content-2221\" aria-expanded=\"false\">INTEGRANTES<\/div>\n\t\t\t\t\t<div id=\"elementor-tab-content-2221\" class=\"elementor-tab-content elementor-clearfix\" data-tab=\"1\" role=\"tabpanel\" aria-labelledby=\"elementor-tab-title-2221\" tabindex=\"0\" hidden=\"false\"><p>Es el \u00f3rgano consultivo y asesor en la toma de decisiones que afectan la din\u00e1mica escolar de la Instituci\u00f3n Educativa.<\/p><p>Es el m\u00e1ximo organismo de participaci\u00f3n de la Comunidad Educativa, que asesora y acompa\u00f1a a la Rectora en la orientaci\u00f3n pedag\u00f3gica y administrativa del Colegio, para la adecuada implementaci\u00f3n y acomodaci\u00f3n del PEI.<\/p><p><strong><span style=\"text-align: justify; text-indent: -14.2pt; color: var( --e-global-color-text ); font-family: var( --e-global-typography-text-font-family ), Sans-serif;\">EL DIRECTOR GENERAL Y <\/span><span style=\"text-align: justify; text-indent: -14.2pt; color: var( --e-global-color-text ); font-family: var( --e-global-typography-text-font-family ), Sans-serif;\">\u00a0<\/span><\/strong><span style=\"text-align: justify; text-indent: -14.2pt; color: var( --e-global-color-text ); font-family: var( --e-global-typography-text-font-family ), Sans-serif; font-weight: var( --e-global-typography-text-font-weight );\"><strong>ADMINISTRATIVO<br \/><\/strong><\/span><span lang=\"ES-MX\">Pbro. <\/span>EVER DE ARCO SOLANO<\/p><p><!-- [if !supportLists]--><span lang=\"ES-MX\"><strong>EL RECTOR<\/strong>\u00a0 \u00a0<br \/><\/span><span lang=\"ES-MX\">Pbro. <\/span>EVER DE ARCO SOLANO<\/p><p><strong>COORDINADORES:<br \/><\/strong>Lic. OSCAR MAURICIO PALENCIA CASTA\u00d1EDA<br \/>Psic. YANETH ROZZO CACERES \u00a0\u00a0 \u00a0 \u00a0 \u00a0 \u00a0 \u00a0 \u00a0 \u00a0 \u00a0 \u00a0 \u00a0 \u00a0 \u00a0 \u00a0 \u00a0 \u00a0 \u00a0 \u00a0 \u00a0 \u00a0\u00a0<\/p><p><span lang=\"ES-MX\"><strong>DOS REPRESENTANTES DE LOS MAESTROS<br \/><\/strong><\/span>Lic. ANGIE KATHERINESANCHEZ BOTINA<br \/>Ing. CAMILO ALEXANDER FIERRO GONZALEZ<\/p><p><strong><span lang=\"ES-MX\">DOS REPRESENTANTES DE LOS PADRES DE <\/span><\/strong><span style=\"text-align: justify;\"><strong>FAMILIA<br \/><\/strong><\/span>Sra. MARILUZ NU\u00d1EZ HERRERA<br \/>Sra. JEAN ITABEN ACOSTA<\/p><p><span lang=\"ES-MX\"><strong>UN REPRESENTANTE DE LOS EX ALUMNOS<\/strong><br \/>Mag. EDGAR JARABA VERGARA<br \/><\/span><\/p><p><!--[endif]--><span lang=\"ES-MX\"><strong>UN REPRESENTANTE SECTOR PRODUCTIVO<br \/><\/strong><\/span><span lang=\"ES-MX\">Sra. CLAUDIA PATRICIA RUIZ L\u00d3PEZ<br \/><\/span><\/p><p><span lang=\"ES-MX\"><strong>UN REPRESENTANTE DE LOS ALUMNOS<br \/><\/strong><\/span>Est. JAIDER ALEXANDER PALOMINO CUBILLOS<\/p><\/div>\n\t\t\t\t\t\t\t\t\t<div class=\"elementor-tab-title elementor-tab-mobile-title\" aria-selected=\"false\" data-tab=\"2\" role=\"tab\" tabindex=\"-1\" aria-controls=\"elementor-tab-content-2222\" aria-expanded=\"false\">FUNCIONES<\/div>\n\t\t\t\t\t<div id=\"elementor-tab-content-2222\" class=\"elementor-tab-content elementor-clearfix\" data-tab=\"2\" role=\"tabpanel\" aria-labelledby=\"elementor-tab-title-2222\" tabindex=\"0\" hidden=\"hidden\"><\/div>\n\t\t\t\t\t\t\t<\/div>\n\t\t<\/div>\n\t\t\t\t<\/div>\n\t\t\t\t<\/div>\n\t\t\t\t\t<\/div>\n\t\t<\/div>\n\t\t\t\t\t\t\t<\/div>\n\t\t<\/section>\n\t\t\t\t\t\t<\/div>\n\t\t\t\t\t<\/div>\n\t\t","protected":false},"excerpt":{"rendered":"<p>INTEGRANTES FUNCIONES INTEGRANTES Es el \u00f3rgano consultivo y asesor en la toma de decisiones que afectan la din\u00e1mica escolar de la Instituci\u00f3n Educativa. Es el m\u00e1ximo organismo de participaci\u00f3n de la Comunidad Educativa, que asesora y acompa\u00f1a a la Rectora en la orientaci\u00f3n pedag\u00f3gica y administrativa del Colegio, para la adecuada implementaci\u00f3n y acomodaci\u00f3n del &hellip;<\/p>\n","protected":false},"author":1,"featured_media":0,"parent":0,"menu_order":0,"comment_status":"closed","ping_status":"closed","template":"","meta":{"footnotes":""},"class_list":["post-5279","page","type-page","status-publish","hentry"],"_links":{"self":[{"href":"https:\/\/seminariospc.edu.co\/index.php?rest_route=\/wp\/v2\/pages\/5279","targetHints":{"allow":["GET"]}}],"collection":[{"href":"https:\/\/seminariospc.edu.co\/index.php?rest_route=\/wp\/v2\/pages"}],"about":[{"href":"https:\/\/seminariospc.edu.co\/index.php?rest_route=\/wp\/v2\/types\/page"}],"author":[{"embeddable":true,"href":"https:\/\/seminariospc.edu.co\/index.php?rest_route=\/wp\/v2\/users\/1"}],"replies":[{"embeddable":true,"href":"https:\/\/seminariospc.edu.co\/index.php?rest_route=%2Fwp%2Fv2%2Fcomments&post=5279"}],"version-history":[{"count":22,"href":"https:\/\/seminariospc.edu.co\/index.php?rest_route=\/wp\/v2\/pages\/5279\/revisions"}],"predecessor-version":[{"id":5849,"href":"https:\/\/seminariospc.edu.co\/index.php?rest_route=\/wp\/v2\/pages\/5279\/revisions\/5849"}],"wp:attachment":[{"href":"https:\/\/seminariospc.edu.co\/index.php?rest_route=%2Fwp%2Fv2%2Fmedia&parent=5279"}],"curies":[{"name":"wp","href":"https:\/\/api.w.org\/{rel}","templated":true}]}}